{"id":110,"date":"2022-10-30T17:06:20","date_gmt":"2022-10-30T17:06:20","guid":{"rendered":"https:\/\/www.flaton.cz\/?post_type=product&#038;p=110"},"modified":"2022-10-30T17:06:20","modified_gmt":"2022-10-30T17:06:20","slug":"trutool-tkf-700","status":"publish","type":"product","link":"https:\/\/www.flaton.cz\/?product=trutool-tkf-700","title":{"rendered":"TruTool TKF 700"},"content":{"rendered":"<p style=\"text-align: center;\">TruTool TKF 700 umo\u017e\u0148uje d\u00e9lku fasetky a\u017e 7 mm na rovn\u00e9m plechu i na trubk\u00e1ch. D\u00edky rychl\u00e9 aretaci m\u016f\u017eete snadno m\u011bnit sm\u011br t\u0159menu a obr\u00e1b\u011bn\u00ed. TruTool TKF 700 je nejleh\u010d\u00ed model ve sv\u00e9 t\u0159\u00edd\u011b a m\u016f\u017eete ho manu\u00e1ln\u011b bezprobl\u00e9mov\u011b v\u00e9st vertik\u00e1ln\u011b, horizont\u00e1ln\u011b nebo v poloze nad hlavou nebo ho m\u016f\u017eete upevnit do pracovn\u00ed stanice a pracovat stacion\u00e1rn\u011b. Komfortn\u00ed pr\u00e1ci umo\u017e\u0148uje zaoblen\u00e1 rukoje\u0165.<\/p>\n","protected":false},"excerpt":{"rendered":"<p>V\u00fdjime\u010dn\u011b lehk\u00e1 a snadno ovladateln\u00e1 \u00fakosova\u010dka s hmotnost\u00ed 5,4 kg. Pro individu\u00e1ln\u00ed \u00fahly ze\u0161ikmen\u00ed si m\u016f\u017eete vybrat mezi t\u0159emi t\u0159meny.<\/p>\n","protected":false},"featured_media":111,"comment_status":"open","ping_status":"closed","template":"","meta":[],"product_brand":[],"product_cat":[23,28],"product_tag":[],"class_list":{"0":"post-110","1":"product","2":"type-product","3":"status-publish","4":"has-post-thumbnail","6":"product_cat-elektricke-naradi","7":"product_cat-ukosovacka","9":"first","10":"instock","11":"shipping-taxable","12":"product-type-simple"},"_links":{"self":[{"href":"https:\/\/www.flaton.cz\/index.php?rest_route=\/wp\/v2\/product\/110","targetHints":{"allow":["GET"]}}],"collection":[{"href":"https:\/\/www.flaton.cz\/index.php?rest_route=\/wp\/v2\/product"}],"about":[{"href":"https:\/\/www.flaton.cz\/index.php?rest_route=\/wp\/v2\/types\/product"}],"replies":[{"embeddable":true,"href":"https:\/\/www.flaton.cz\/index.php?rest_route=%2Fwp%2Fv2%2Fcomments&post=110"}],"wp:featuredmedia":[{"embeddable":true,"href":"https:\/\/www.flaton.cz\/index.php?rest_route=\/wp\/v2\/media\/111"}],"wp:attachment":[{"href":"https:\/\/www.flaton.cz\/index.php?rest_route=%2Fwp%2Fv2%2Fmedia&parent=110"}],"wp:term":[{"taxonomy":"product_brand","embeddable":true,"href":"https:\/\/www.flaton.cz\/index.php?rest_route=%2Fwp%2Fv2%2Fproduct_brand&post=110"},{"taxonomy":"product_cat","embeddable":true,"href":"https:\/\/www.flaton.cz\/index.php?rest_route=%2Fwp%2Fv2%2Fproduct_cat&post=110"},{"taxonomy":"product_tag","embeddable":true,"href":"https:\/\/www.flaton.cz\/index.php?rest_route=%2Fwp%2Fv2%2Fproduct_tag&post=110"}],"curies":[{"name":"wp","href":"https:\/\/api.w.org\/{rel}","templated":true}]}}