{"id":134,"date":"2022-10-31T13:15:03","date_gmt":"2022-10-31T13:15:03","guid":{"rendered":"https:\/\/www.flaton.cz\/?product=trutool-f-301"},"modified":"2022-11-01T16:23:34","modified_gmt":"2022-11-01T16:23:34","slug":"trutool-f-301","status":"publish","type":"product","link":"https:\/\/www.flaton.cz\/?product=trutool-f-301","title":{"rendered":"TruTool F\u00a0301"},"content":{"rendered":"<p style=\"text-align: center;\">Pomoc\u00ed TruTool F\u00a0301 m\u016f\u017eete snadno uzav\u00edrat pittsbursk\u00e9 lemy na rovn\u00fdch i\u00a0zahnut\u00fdch kan\u00e1lech u tlou\u0161\u0165ky plechu o rozsahu 0,45 mm \u2013\u00a01\u00a0mm z\u00a0konstruk\u010dn\u00ed oceli. P\u0159estav\u011bn\u00ed pro obr\u00e1b\u011bn\u00ed tvar\u016f a\u00a0oblouk\u016f nen\u00ed nutn\u00e9. P\u0159izp\u016fsoben\u00ed tlou\u0161\u0165ce plechu prob\u00edh\u00e1 automaticky a\u00a0vlastn\u00ed posun zaru\u010duje konstantn\u00ed a\u00a0t\u011bsn\u00fd lem.<\/p>\n","protected":false},"excerpt":{"rendered":"<p>Pomoc\u00ed TruTool F\u00a0301 m\u016f\u017eete snadno uzav\u00edrat pittsbursk\u00e9 lemy na rovn\u00fdch i\u00a0zahnut\u00fdch kan\u00e1lech u tlou\u0161\u0165ky plechu o rozsahu 0,45 mm \u2013\u00a01\u00a0mm z\u00a0konstruk\u010dn\u00ed oceli. P\u0159estav\u011bn\u00ed pro obr\u00e1b\u011bn\u00ed tvar\u016f a\u00a0oblouk\u016f nen\u00ed nutn\u00e9. P\u0159izp\u016fsoben\u00ed tlou\u0161\u0165ce plechu prob\u00edh\u00e1 automaticky a\u00a0vlastn\u00ed posun zaru\u010duje konstantn\u00ed a\u00a0t\u011bsn\u00fd lem.<\/p>\n","protected":false},"featured_media":193,"comment_status":"open","ping_status":"closed","template":"","meta":[],"product_brand":[],"product_cat":[23,35],"product_tag":[],"class_list":{"0":"post-134","1":"product","2":"type-product","3":"status-publish","4":"has-post-thumbnail","6":"product_cat-elektricke-naradi","7":"product_cat-uzavirac-lemu","9":"first","10":"instock","11":"shipping-taxable","12":"product-type-simple"},"_links":{"self":[{"href":"https:\/\/www.flaton.cz\/index.php?rest_route=\/wp\/v2\/product\/134","targetHints":{"allow":["GET"]}}],"collection":[{"href":"https:\/\/www.flaton.cz\/index.php?rest_route=\/wp\/v2\/product"}],"about":[{"href":"https:\/\/www.flaton.cz\/index.php?rest_route=\/wp\/v2\/types\/product"}],"replies":[{"embeddable":true,"href":"https:\/\/www.flaton.cz\/index.php?rest_route=%2Fwp%2Fv2%2Fcomments&post=134"}],"wp:featuredmedia":[{"embeddable":true,"href":"https:\/\/www.flaton.cz\/index.php?rest_route=\/wp\/v2\/media\/193"}],"wp:attachment":[{"href":"https:\/\/www.flaton.cz\/index.php?rest_route=%2Fwp%2Fv2%2Fmedia&parent=134"}],"wp:term":[{"taxonomy":"product_brand","embeddable":true,"href":"https:\/\/www.flaton.cz\/index.php?rest_route=%2Fwp%2Fv2%2Fproduct_brand&post=134"},{"taxonomy":"product_cat","embeddable":true,"href":"https:\/\/www.flaton.cz\/index.php?rest_route=%2Fwp%2Fv2%2Fproduct_cat&post=134"},{"taxonomy":"product_tag","embeddable":true,"href":"https:\/\/www.flaton.cz\/index.php?rest_route=%2Fwp%2Fv2%2Fproduct_tag&post=134"}],"curies":[{"name":"wp","href":"https:\/\/api.w.org\/{rel}","templated":true}]}}