{"id":153,"date":"2022-10-31T13:15:04","date_gmt":"2022-10-31T13:15:04","guid":{"rendered":"https:\/\/www.flaton.cz\/?product=trutool-s-250"},"modified":"2022-10-31T13:25:27","modified_gmt":"2022-10-31T13:25:27","slug":"trutool-s-250","status":"publish","type":"product","link":"https:\/\/www.flaton.cz\/?product=trutool-s-250","title":{"rendered":"TruTool S 250"},"content":{"rendered":"<p>TruTool S 250 je robustn\u00ed stroj, optim\u00e1ln\u011b vhodn\u00fd pro obr\u00e1b\u011bn\u00ed tlou\u0161\u0165ky plechu do 2,5\u00a0mm z\u00a0konstruk\u010dn\u00ed oceli. V\u00fdkonn\u00fd 550W motor ve snadno ovladateln\u00e9m modelu je optim\u00e1ln\u00ed pro ka\u017edodenn\u00ed pou\u017eit\u00ed a\u00a0ide\u00e1ln\u00ed pro trval\u00e9 pou\u017e\u00edv\u00e1n\u00ed. U\u017eivatelsky p\u0159\u00edv\u011btiv\u00fd stroj umo\u017e\u0148uje rychl\u00e9 a\u00a0p\u0159esn\u00e9 \u0159ez\u00e1n\u00ed p\u0159i neomezen\u00e9m v\u00fdhledu na pracovn\u00ed plochu a\u00a0linii \u0159ezu.<\/p>\n","protected":false},"excerpt":{"rendered":"<p>TruTool S 250 je robustn\u00ed stroj, optim\u00e1ln\u011b vhodn\u00fd pro obr\u00e1b\u011bn\u00ed tlou\u0161\u0165ky plechu do 2,5\u00a0mm z\u00a0konstruk\u010dn\u00ed oceli. V\u00fdkonn\u00fd 550W motor ve snadno ovladateln\u00e9m modelu je optim\u00e1ln\u00ed pro ka\u017edodenn\u00ed pou\u017eit\u00ed a\u00a0ide\u00e1ln\u00ed pro trval\u00e9 pou\u017e\u00edv\u00e1n\u00ed. U\u017eivatelsky p\u0159\u00edv\u011btiv\u00fd stroj umo\u017e\u0148uje rychl\u00e9 a\u00a0p\u0159esn\u00e9 \u0159ez\u00e1n\u00ed p\u0159i neomezen\u00e9m v\u00fdhledu na pracovn\u00ed plochu a\u00a0linii \u0159ezu.<\/p>\n","protected":false},"featured_media":166,"comment_status":"open","ping_status":"closed","template":"","meta":[],"product_brand":[],"product_cat":[23,31],"product_tag":[],"class_list":{"0":"post-153","1":"product","2":"type-product","3":"status-publish","4":"has-post-thumbnail","6":"product_cat-elektricke-naradi","7":"product_cat-nuzky","9":"first","10":"instock","11":"shipping-taxable","12":"product-type-simple"},"_links":{"self":[{"href":"https:\/\/www.flaton.cz\/index.php?rest_route=\/wp\/v2\/product\/153","targetHints":{"allow":["GET"]}}],"collection":[{"href":"https:\/\/www.flaton.cz\/index.php?rest_route=\/wp\/v2\/product"}],"about":[{"href":"https:\/\/www.flaton.cz\/index.php?rest_route=\/wp\/v2\/types\/product"}],"replies":[{"embeddable":true,"href":"https:\/\/www.flaton.cz\/index.php?rest_route=%2Fwp%2Fv2%2Fcomments&post=153"}],"wp:featuredmedia":[{"embeddable":true,"href":"https:\/\/www.flaton.cz\/index.php?rest_route=\/wp\/v2\/media\/166"}],"wp:attachment":[{"href":"https:\/\/www.flaton.cz\/index.php?rest_route=%2Fwp%2Fv2%2Fmedia&parent=153"}],"wp:term":[{"taxonomy":"product_brand","embeddable":true,"href":"https:\/\/www.flaton.cz\/index.php?rest_route=%2Fwp%2Fv2%2Fproduct_brand&post=153"},{"taxonomy":"product_cat","embeddable":true,"href":"https:\/\/www.flaton.cz\/index.php?rest_route=%2Fwp%2Fv2%2Fproduct_cat&post=153"},{"taxonomy":"product_tag","embeddable":true,"href":"https:\/\/www.flaton.cz\/index.php?rest_route=%2Fwp%2Fv2%2Fproduct_tag&post=153"}],"curies":[{"name":"wp","href":"https:\/\/api.w.org\/{rel}","templated":true}]}}