{"id":155,"date":"2022-10-31T13:15:04","date_gmt":"2022-10-31T13:15:04","guid":{"rendered":"https:\/\/www.flaton.cz\/?product=trutool-c-250-lithium-iontove-s-oddelovacem-spon"},"modified":"2022-10-31T13:23:01","modified_gmt":"2022-10-31T13:23:01","slug":"trutool-c-250-lithium-iontove-s-oddelovacem-spon","status":"publish","type":"product","link":"https:\/\/www.flaton.cz\/?product=trutool-c-250-lithium-iontove-s-oddelovacem-spon","title":{"rendered":"TruTool C 250 lithium-iontov\u00e9 s odd\u011blova\u010dem \u0161pon"},"content":{"rendered":"<p>TruTool C 250 s odd\u011blova\u010dem \u0161pon 18V LiHD akumul\u00e1tor jsou prvn\u00ed akumul\u00e1torov\u00e9 dr\u00e1\u017ekov\u00e9 n\u016f\u017eky, kter\u00e9 odd\u011bluj\u00ed bezdr\u00e1tov\u011b tlou\u0161\u0165ku plechu 2,5 mm z konstruk\u010dn\u00ed oceli a 1,5 mm z nerezov\u00e9 oceli. S integrovan\u00fdm odd\u011blova\u010dem \u0161pon ovladateln\u00fdm jednou rukou m\u016f\u017eete t\u0159\u00edsku kdykoliv odd\u011blit jednou rukou a stroj vyt\u00e1hnout z obrobku. Vynikaj\u00edc\u00ed pro vy\u0159ez\u00e1v\u00e1n\u00ed a vnit\u0159n\u00ed v\u00fd\u0159ezy. S ohledem na p\u0159\u00edslu\u0161n\u00e9 aplikace nab\u00edz\u00edme r\u016fzn\u00e9 no\u017ee. P\u0159itom 4.0 Ah \/ 18V LiHD akumul\u00e1tor zaji\u0161\u0165uje dlouhou dobu chodu.<\/p>\n","protected":false},"excerpt":{"rendered":"<p>TruTool C 250 s odd\u011blova\u010dem \u0161pon 18V LiHD akumul\u00e1tor jsou prvn\u00ed akumul\u00e1torov\u00e9 dr\u00e1\u017ekov\u00e9 n\u016f\u017eky, kter\u00e9 odd\u011bluj\u00ed bezdr\u00e1tov\u011b tlou\u0161\u0165ku plechu 2,5 mm z konstruk\u010dn\u00ed oceli a 1,5 mm z nerezov\u00e9 oceli. S integrovan\u00fdm odd\u011blova\u010dem \u0161pon ovladateln\u00fdm jednou rukou m\u016f\u017eete t\u0159\u00edsku kdykoliv odd\u011blit jednou rukou a stroj vyt\u00e1hnout z obrobku. Vynikaj\u00edc\u00ed pro vy\u0159ez\u00e1v\u00e1n\u00ed a vnit\u0159n\u00ed v\u00fd\u0159ezy. S [&hellip;]<\/p>\n","protected":false},"featured_media":164,"comment_status":"open","ping_status":"closed","template":"","meta":[],"product_brand":[],"product_cat":[30,23],"product_tag":[],"class_list":{"0":"post-155","1":"product","2":"type-product","3":"status-publish","4":"has-post-thumbnail","6":"product_cat-drazkove-nuzky","7":"product_cat-elektricke-naradi","9":"first","10":"instock","11":"shipping-taxable","12":"product-type-simple"},"_links":{"self":[{"href":"https:\/\/www.flaton.cz\/index.php?rest_route=\/wp\/v2\/product\/155","targetHints":{"allow":["GET"]}}],"collection":[{"href":"https:\/\/www.flaton.cz\/index.php?rest_route=\/wp\/v2\/product"}],"about":[{"href":"https:\/\/www.flaton.cz\/index.php?rest_route=\/wp\/v2\/types\/product"}],"replies":[{"embeddable":true,"href":"https:\/\/www.flaton.cz\/index.php?rest_route=%2Fwp%2Fv2%2Fcomments&post=155"}],"wp:featuredmedia":[{"embeddable":true,"href":"https:\/\/www.flaton.cz\/index.php?rest_route=\/wp\/v2\/media\/164"}],"wp:attachment":[{"href":"https:\/\/www.flaton.cz\/index.php?rest_route=%2Fwp%2Fv2%2Fmedia&parent=155"}],"wp:term":[{"taxonomy":"product_brand","embeddable":true,"href":"https:\/\/www.flaton.cz\/index.php?rest_route=%2Fwp%2Fv2%2Fproduct_brand&post=155"},{"taxonomy":"product_cat","embeddable":true,"href":"https:\/\/www.flaton.cz\/index.php?rest_route=%2Fwp%2Fv2%2Fproduct_cat&post=155"},{"taxonomy":"product_tag","embeddable":true,"href":"https:\/\/www.flaton.cz\/index.php?rest_route=%2Fwp%2Fv2%2Fproduct_tag&post=155"}],"curies":[{"name":"wp","href":"https:\/\/api.w.org\/{rel}","templated":true}]}}