{"id":156,"date":"2022-10-31T13:15:04","date_gmt":"2022-10-31T13:15:04","guid":{"rendered":"https:\/\/www.flaton.cz\/?product=trutool-c-250-s-oddelovacem-spon"},"modified":"2022-10-31T13:22:23","modified_gmt":"2022-10-31T13:22:23","slug":"trutool-c-250-s-oddelovacem-spon","status":"publish","type":"product","link":"https:\/\/www.flaton.cz\/?product=trutool-c-250-s-oddelovacem-spon","title":{"rendered":"TruTool C\u00a0250 s\u00a0odd\u011blova\u010dem \u0161pon"},"content":{"rendered":"<p>TruTool C\u00a0250 m\u00e1 nesrovnateln\u00fd v\u00fdkon. Odd\u011bluje plechy o\u00a0tlou\u0161\u0165ce 2,5\u00a0mm u\u00a0konstruk\u010dn\u00ed oceli a\u00a01,5\u00a0mm u\u00a0u\u0161lechtil\u00e9 oceli. Jedine\u010dn\u00fd dodate\u010dn\u00fd u\u017eitek poskytuje integrovan\u00fd a\u00a0jednou rukou ovladateln\u00fd odd\u011blova\u010d \u0161pon. M\u016f\u017eete tak \u0161ponu kdykoliv jednou rukou odd\u011blit a p\u0159\u00edstroj vyt\u00e1hnout z\u00a0obrobku. D\u00edky dob\u0159e viditeln\u00e9mu zna\u010den\u00ed na \u0159ezac\u00ed hlav\u011b stroj kdykoliv op\u011bt p\u0159esn\u011b sestav\u00edte. Nav\u00edc m\u00e1 TruTool C\u00a0250 nejvy\u0161\u0161\u00ed \u0159ezac\u00ed rychlost 3\u00a0metry za minutu.<\/p>\n","protected":false},"excerpt":{"rendered":"<p>TruTool C\u00a0250 m\u00e1 nesrovnateln\u00fd v\u00fdkon. Odd\u011bluje plechy o\u00a0tlou\u0161\u0165ce 2,5\u00a0mm u\u00a0konstruk\u010dn\u00ed oceli a\u00a01,5\u00a0mm u\u00a0u\u0161lechtil\u00e9 oceli. Jedine\u010dn\u00fd dodate\u010dn\u00fd u\u017eitek poskytuje integrovan\u00fd a\u00a0jednou rukou ovladateln\u00fd odd\u011blova\u010d \u0161pon. M\u016f\u017eete tak \u0161ponu kdykoliv jednou rukou odd\u011blit a p\u0159\u00edstroj vyt\u00e1hnout z\u00a0obrobku. D\u00edky dob\u0159e viditeln\u00e9mu zna\u010den\u00ed na \u0159ezac\u00ed hlav\u011b stroj kdykoliv op\u011bt p\u0159esn\u011b sestav\u00edte. Nav\u00edc m\u00e1 TruTool C\u00a0250 nejvy\u0161\u0161\u00ed \u0159ezac\u00ed rychlost 3\u00a0metry [&hellip;]<\/p>\n","protected":false},"featured_media":163,"comment_status":"open","ping_status":"closed","template":"","meta":[],"product_brand":[],"product_cat":[30,23],"product_tag":[],"class_list":{"0":"post-156","1":"product","2":"type-product","3":"status-publish","4":"has-post-thumbnail","6":"product_cat-drazkove-nuzky","7":"product_cat-elektricke-naradi","9":"first","10":"instock","11":"shipping-taxable","12":"product-type-simple"},"_links":{"self":[{"href":"https:\/\/www.flaton.cz\/index.php?rest_route=\/wp\/v2\/product\/156","targetHints":{"allow":["GET"]}}],"collection":[{"href":"https:\/\/www.flaton.cz\/index.php?rest_route=\/wp\/v2\/product"}],"about":[{"href":"https:\/\/www.flaton.cz\/index.php?rest_route=\/wp\/v2\/types\/product"}],"replies":[{"embeddable":true,"href":"https:\/\/www.flaton.cz\/index.php?rest_route=%2Fwp%2Fv2%2Fcomments&post=156"}],"wp:featuredmedia":[{"embeddable":true,"href":"https:\/\/www.flaton.cz\/index.php?rest_route=\/wp\/v2\/media\/163"}],"wp:attachment":[{"href":"https:\/\/www.flaton.cz\/index.php?rest_route=%2Fwp%2Fv2%2Fmedia&parent=156"}],"wp:term":[{"taxonomy":"product_brand","embeddable":true,"href":"https:\/\/www.flaton.cz\/index.php?rest_route=%2Fwp%2Fv2%2Fproduct_brand&post=156"},{"taxonomy":"product_cat","embeddable":true,"href":"https:\/\/www.flaton.cz\/index.php?rest_route=%2Fwp%2Fv2%2Fproduct_cat&post=156"},{"taxonomy":"product_tag","embeddable":true,"href":"https:\/\/www.flaton.cz\/index.php?rest_route=%2Fwp%2Fv2%2Fproduct_tag&post=156"}],"curies":[{"name":"wp","href":"https:\/\/api.w.org\/{rel}","templated":true}]}}